{"id":28,"date":"2017-01-05T10:40:39","date_gmt":"2017-01-05T09:40:39","guid":{"rendered":"http:\/\/cauris.sn\/espacethialy\/?page_id=28"},"modified":"2022-08-03T22:56:00","modified_gmt":"2022-08-03T20:56:00","slug":"nous-contacter","status":"publish","type":"page","link":"http:\/\/cauris.sn\/espacethialy\/nous-contacter\/","title":{"rendered":"Nous contacter"},"content":{"rendered":"<div id=\"pl-28\"  class=\"panel-layout\" ><div id=\"pg-28-0\"  class=\"panel-grid panel-has-style\" ><div class=\"siteorigin-panels-stretch panel-row-style panel-row-style-for-28-0\" data-stretch-type=\"full\" ><div id=\"pgc-28-0-0\"  class=\"panel-grid-cell\" ><div id=\"panel-28-0-0-0\" class=\"so-panel widget widget_sow-headline panel-first-child\" data-index=\"0\" ><div\n\t\t\t\n\t\t\tclass=\"so-widget-sow-headline so-widget-sow-headline-default-92865fd75a6d-28\"\n\t\t\t\n\t\t><div class=\"sow-headline-container \">\n\t\t\t\t\t\t\t<h1 class=\"sow-headline\">\n\t\t\t\t\t\tNos coordonn\u00e9es\t\t\t\t\t\t<\/h1>\n\t\t\t\t\t\t<\/div>\n<\/div><\/div><div id=\"panel-28-0-0-1\" class=\"so-panel widget widget_sow-features panel-last-child\" data-index=\"1\" ><div\n\t\t\t\n\t\t\tclass=\"so-widget-sow-features so-widget-sow-features-default-fdd527d0cc12-28\"\n\t\t\t\n\t\t><ul\n\tclass=\"sow-features-list\n\tsow-features-responsive\">\n\n\t\t\t<li\n\t\t\tclass=\"sow-features-feature sow-icon-container-position-top\"\n\t\t\tstyle=\"display: flex; flex-direction: column; width: calc(50% - 25px);\"\n\t\t>\n\t\t\t\n\t\t\t\t\t\t<div\n\t\t\t\tclass=\"sow-icon-container sow-container-none\"\n\t\t\t\tstyle=\"color: #404040; \"\n\t\t\t\t\t\t\t>\n\t\t\t\t<span class=\"sow-icon-fontawesome sow-fas\" data-sow-icon=\"&#xf3fa;\"\n\t\tstyle=\"font-size: 56px; color: #81d742\" \n\t\taria-hidden=\"true\"><\/span>\t\t\t<\/div>\n\t\t\t\n\t\t\t<div class=\"textwidget\">\n\t\t\t\t\n\t\t\t\t\t\t\t\t\t<h5 class=\"sow-features-feature-title\">\n\t\t\t\t\t\tPour nous appeler\t\t\t\t\t<\/h5>\n\t\t\t\t\n\t\t\t\t\t\t\t\t\t<div class=\"sow-features-feature-text\">\n\t\t\t\t\t<p>+221 33 855 02 60<\/p>\n<p>ou<\/p>\n<p><span class=\"tojvnm2t a6sixzi8 abs2jz4q a8s20v7p t1p8iaqh k5wvi7nf q3lfd5jv pk4s997a bipmatt0 cebpdrjk qowsmv63 owwhemhu dp1hu0rb dhp61c6y iyyx5f41\"><strong>WhatsApp<\/strong> +221 77 801 95 17<\/span><\/p>\n\t\t\t\t\t<\/div>\n\t\t\t\t\t\t\t\t<\/div>\n\t\t\t\t\t\t\t\t<\/li>\n\n\t\t\t<li\n\t\t\tclass=\"sow-features-feature sow-icon-container-position-top\"\n\t\t\tstyle=\"display: flex; flex-direction: column; width: calc(50% - 25px);\"\n\t\t>\n\t\t\t\n\t\t\t\t\t\t<div\n\t\t\t\tclass=\"sow-icon-container sow-container-none\"\n\t\t\t\tstyle=\"color: #404040; \"\n\t\t\t\t\t\t\t>\n\t\t\t\t<span class=\"sow-icon-fontawesome sow-fas\" data-sow-icon=\"&#xf041;\"\n\t\tstyle=\"font-size: 56px; color: #81d742\" \n\t\taria-hidden=\"true\"><\/span>\t\t\t<\/div>\n\t\t\t\n\t\t\t<div class=\"textwidget\">\n\t\t\t\t\n\t\t\t\t\t\t\t\t\t<h5 class=\"sow-features-feature-title\">\n\t\t\t\t\t\tNotre adresse\t\t\t\t\t<\/h5>\n\t\t\t\t\n\t\t\t\t\t\t\t\t\t<div class=\"sow-features-feature-text\">\n\t\t\t\t\t<p>Cit\u00e9 imp\u00f4ts et Domaines, quartier de la Patte d'oie - Dakar - S\u00e9n\u00e9gal<\/p>\n\t\t\t\t\t<\/div>\n\t\t\t\t\t\t\t\t<\/div>\n\t\t\t\t\t\t\t\t<\/li>\n\n\t<\/ul>\n<\/div><\/div><\/div><\/div><\/div><div id=\"pg-28-1\"  class=\"panel-grid panel-no-style\" ><div id=\"pgc-28-1-0\"  class=\"panel-grid-cell\" ><div id=\"panel-28-1-0-0\" class=\"so-panel widget widget_sow-image panel-first-child panel-last-child\" data-index=\"2\" ><div\n\t\t\t\n\t\t\tclass=\"so-widget-sow-image so-widget-sow-image-default-8b5b6f678277-28\"\n\t\t\t\n\t\t>\n<div class=\"sow-image-container\">\n\t\t<img \n\tsrc=\"http:\/\/cauris.sn\/espacethialy\/wp-content\/uploads\/2017\/01\/plan-arriv\u00e9e-auberge.jpg\" width=\"800\" height=\"614\" srcset=\"http:\/\/cauris.sn\/espacethialy\/wp-content\/uploads\/2017\/01\/plan-arriv\u00e9e-auberge.jpg 800w, http:\/\/cauris.sn\/espacethialy\/wp-content\/uploads\/2017\/01\/plan-arriv\u00e9e-auberge-300x230.jpg 300w, http:\/\/cauris.sn\/espacethialy\/wp-content\/uploads\/2017\/01\/plan-arriv\u00e9e-auberge-768x589.jpg 768w\" sizes=\"(max-width: 800px) 100vw, 800px\" title=\"Plan d&#039;arriv\u00e9e \u00e0 l&#039;auberge &quot;Espace Thialy&quot;\" alt=\"\" loading=\"lazy\" \t\tclass=\"so-widget-image\"\/>\n\t<\/div>\n\n<\/div><\/div><\/div><\/div><div id=\"pg-28-2\"  class=\"panel-grid panel-no-style\" ><div id=\"pgc-28-2-0\"  class=\"panel-grid-cell\" ><div id=\"panel-28-2-0-0\" class=\"so-panel widget widget_sow-contact-form panel-first-child panel-last-child\" data-index=\"3\" ><div class=\"panel-widget-style panel-widget-style-for-28-2-0-0\" ><div\n\t\t\t\n\t\t\tclass=\"so-widget-sow-contact-form so-widget-sow-contact-form-default-56f917f82754-28\"\n\t\t\t\n\t\t><h3 class=\"widget-title\">Envoyez-nous un email !<\/h3>\t<form\n\t\taction=\"\/espacethialy\/wp-json\/wp\/v2\/pages\/28\"\n\t\tmethod=\"POST\"\n\t\tclass=\"sow-contact-form\"\n\t\tid=\"contact-form-115e\"\n\t>\n\n\t\t\n\t\t\t\t\t<div class=\"sow-form-field sow-form-field-name\">\n\t\t\t\t<label class=\"sow-form-field-label-above\" for=\"sow-contact-form-field-vos-nom-prenom-1\">\n\t\t\t\t<strong>\n\t\t\t\t\tVos nom &amp; Pr\u00e9nom\t\t\t\t\t\t\t\t\t<\/strong>\n\t\t\t<\/label>\n\t\t\t\t\t\t\t<div class=\"sow-field-container\">\n\t\t\t\t\t\t\t<input\n\t\t\ttype=\"text\"\n\t\t\tname=\"vos-nom-prenom-1\"\n\t\t\tid=\"sow-contact-form-field-vos-nom-prenom-1\"\n\t\t\tvalue=\"\"\n\t\t\tclass=\"sow-text-field\"\n\t\t\t\t\t\t\t\t\/>\n\t\t\t\t\t\t<\/div>\n\t\t\t\t\t\t\t<\/div>\n\t\t\t\t\t\t<div class=\"sow-form-field sow-form-field-text\">\n\t\t\t\t<label class=\"sow-form-field-label-above\" for=\"sow-contact-form-field-telephone-1\">\n\t\t\t\t<strong>\n\t\t\t\t\tT\u00e9l\u00e9phone\t\t\t\t\t\t\t\t\t<\/strong>\n\t\t\t<\/label>\n\t\t\t\t\t\t\t<div class=\"sow-field-container\">\n\t\t\t\t\t\t\t<input\n\t\t\ttype=\"text\"\n\t\t\tname=\"telephone-1\"\n\t\t\tid=\"sow-contact-form-field-telephone-1\"\n\t\t\tvalue=\"\"\n\t\t\tclass=\"sow-text-field\"\t\t\t\t\t\t\t\t\/>\n\t\t\t\t\t\t<\/div>\n\t\t\t\t\t\t\t<\/div>\n\t\t\t\t\t\t<div class=\"sow-form-field sow-form-field-email\">\n\t\t\t\t<label class=\"sow-form-field-label-above\" for=\"sow-contact-form-field-votre-adresse-mail-1\">\n\t\t\t\t<strong>\n\t\t\t\t\tVotre adresse mail\t\t\t\t\t\t\t\t\t<\/strong>\n\t\t\t<\/label>\n\t\t\t\t\t\t\t<div class=\"sow-field-container\">\n\t\t\t\t\t\t\t<input\n\t\t\ttype=\"email\"\n\t\t\tname=\"votre-adresse-mail-1\"\n\t\t\tid=\"sow-contact-form-field-votre-adresse-mail-1\"\n\t\t\tvalue=\"\"\n\t\t\tclass=\"sow-text-field\"\t\t\t\t\t\t\t\t\/>\n\t\t\t\t\t\t<\/div>\n\t\t\t\t\t\t\t<\/div>\n\t\t\t\t\t\t<div class=\"sow-form-field sow-form-field-text\">\n\t\t\t\t<label class=\"sow-form-field-label-above\" for=\"sow-contact-form-field-votre-adresse-postale-pays-inclus-1\">\n\t\t\t\t<strong>\n\t\t\t\t\tVotre adresse postale (pays inclus)\t\t\t\t\t\t\t\t\t<\/strong>\n\t\t\t<\/label>\n\t\t\t\t\t\t\t<div class=\"sow-field-container\">\n\t\t\t\t\t\t\t<input\n\t\t\ttype=\"text\"\n\t\t\tname=\"votre-adresse-postale-pays-inclus-1\"\n\t\t\tid=\"sow-contact-form-field-votre-adresse-postale-pays-inclus-1\"\n\t\t\tvalue=\"\"\n\t\t\tclass=\"sow-text-field\"\t\t\t\t\t\t\t\t\/>\n\t\t\t\t\t\t<\/div>\n\t\t\t\t\t\t\t<\/div>\n\t\t\t\t\t\t<div class=\"sow-form-field sow-form-field-subject\">\n\t\t\t\t<label class=\"sow-form-field-label-above\" for=\"sow-contact-form-field-demande-de-reservation-renseignement-1\">\n\t\t\t\t<strong>\n\t\t\t\t\tDemande de r\u00e9servation \/ renseignement\t\t\t\t\t\t\t\t\t<\/strong>\n\t\t\t<\/label>\n\t\t\t\t\t\t\t<div class=\"sow-field-container\">\n\t\t\t\t\t\t\t<input\n\t\t\ttype=\"text\"\n\t\t\tname=\"demande-de-reservation-renseignement-1\"\n\t\t\tid=\"sow-contact-form-field-demande-de-reservation-renseignement-1\"\n\t\t\tvalue=\"\"\n\t\t\tclass=\"sow-text-field\"\n\t\t\t\t\t\t\t\t\/>\n\t\t\t\t\t\t<\/div>\n\t\t\t\t\t\t\t<\/div>\n\t\t\t\t\t\t<div class=\"sow-form-field sow-form-field-textarea\">\n\t\t\t\t<label class=\"sow-form-field-label-above\" for=\"sow-contact-form-field-message-1\">\n\t\t\t\t<strong>\n\t\t\t\t\tMessage\t\t\t\t\t\t\t\t\t<\/strong>\n\t\t\t<\/label>\n\t\t\t\t\t\t\t<div class=\"sow-field-container\">\n\t\t\t\t\t\t\t<textarea\n\t\t\tname=\"message-1\"\n\t\t\tid=\"sow-contact-form-field-message-1\"\n\t\t\trows=\"10\"\n\t\t\t\t\t\t\t\t><\/textarea>\n\t\t\t\t\t\t<\/div>\n\t\t\t\t\t\t\t<\/div>\n\t\t\t\n\t\t\n\t\t<div class=\"sow-submit-wrapper \n\t\tsow-submit-styled\t\t\">\n\n\t\t\t<button\n\t\t\t\ttype=\"submit\"\n\t\t\t\tclass=\"sow-submit\n\t\t\t\t\t\t\t\t\"\n\t\t\t\t\t\t\t>\n\t\t\t\tEnvoyer\t\t\t<\/button>\n\t\t<\/div>\n\t\t\t\t<input\n\t\t\ttype=\"hidden\"\n\t\t\tname=\"instance_hash-1\"\n\t\t\tvalue=\"115e1c0a\"\n\t\t\/>\n\n\t\t<input type=\"hidden\" id=\"_wpnonce\" name=\"_wpnonce\" value=\"494e3c2f0c\" \/><input type=\"hidden\" name=\"_wp_http_referer\" value=\"\/espacethialy\/wp-json\/wp\/v2\/pages\/28\" \/>\t<\/form>\n\t<\/div><\/div><\/div><\/div><\/div><\/div>","protected":false},"excerpt":{"rendered":"<p>Nos coordonn\u00e9es Pour nous appeler +221 33 855 02 60 ou WhatsApp +221 77 801 95 17 Notre adresse Cit\u00e9 imp\u00f4ts et Domaines, quartier de la Patte d&rsquo;oie &#8211; Dakar &#8211; S\u00e9n\u00e9gal Envoyez-nous un email ! Vos nom &amp; Pr\u00e9nom T\u00e9l\u00e9phone Votre adresse mail Votre adresse postale (pays inclus) Demande de r\u00e9servation \/ renseignement MessageLire la suite &rarr;<\/p>\n","protected":false},"author":1,"featured_media":0,"parent":0,"menu_order":0,"comment_status":"closed","ping_status":"closed","template":"","meta":[],"yoast_head":"<!-- This site is optimized with the Yoast SEO plugin v20.0 - https:\/\/yoast.com\/wordpress\/plugins\/seo\/ -->\n<title>Nous contacter - H\u00e9bergement sur Dakar - Auberge de l&#039;espace Thialy<\/title>\n<meta name=\"robots\" content=\"index, follow, max-snippet:-1, max-image-preview:large, max-video-preview:-1\" \/>\n<link rel=\"canonical\" href=\"http:\/\/cauris.sn\/espacethialy\/nous-contacter\/\" \/>\n<meta property=\"og:locale\" content=\"fr_FR\" \/>\n<meta property=\"og:type\" content=\"article\" \/>\n<meta property=\"og:title\" content=\"Nous contacter - H\u00e9bergement sur Dakar - Auberge de l&#039;espace Thialy\" \/>\n<meta property=\"og:description\" content=\"Nos coordonn\u00e9es Pour nous appeler +221 33 855 02 60 ou WhatsApp +221 77 801 95 17 Notre adresse Cit\u00e9 imp\u00f4ts et Domaines, quartier de la Patte d&#039;oie - Dakar - S\u00e9n\u00e9gal Envoyez-nous un email ! Vos nom &amp; Pr\u00e9nom T\u00e9l\u00e9phone Votre adresse mail Votre adresse postale (pays inclus) Demande de r\u00e9servation \/ renseignement MessageLire la suite &rarr;\" \/>\n<meta property=\"og:url\" content=\"http:\/\/cauris.sn\/espacethialy\/nous-contacter\/\" \/>\n<meta property=\"og:site_name\" content=\"H\u00e9bergement sur Dakar - Auberge de l&#039;espace Thialy\" \/>\n<meta property=\"article:modified_time\" content=\"2022-08-03T20:56:00+00:00\" \/>\n<meta name=\"twitter:card\" content=\"summary_large_image\" \/>\n<meta name=\"twitter:label1\" content=\"Dur\u00e9e de lecture estim\u00e9e\" \/>\n\t<meta name=\"twitter:data1\" content=\"1 minute\" \/>\n<script type=\"application\/ld+json\" class=\"yoast-schema-graph\">{\"@context\":\"https:\/\/schema.org\",\"@graph\":[{\"@type\":\"WebPage\",\"@id\":\"http:\/\/cauris.sn\/espacethialy\/nous-contacter\/\",\"url\":\"http:\/\/cauris.sn\/espacethialy\/nous-contacter\/\",\"name\":\"Nous contacter - H\u00e9bergement sur Dakar - Auberge de l&#039;espace Thialy\",\"isPartOf\":{\"@id\":\"https:\/\/cauris.sn\/espacethialy\/#website\"},\"datePublished\":\"2017-01-05T09:40:39+00:00\",\"dateModified\":\"2022-08-03T20:56:00+00:00\",\"breadcrumb\":{\"@id\":\"http:\/\/cauris.sn\/espacethialy\/nous-contacter\/#breadcrumb\"},\"inLanguage\":\"fr-FR\",\"potentialAction\":[{\"@type\":\"ReadAction\",\"target\":[\"http:\/\/cauris.sn\/espacethialy\/nous-contacter\/\"]}]},{\"@type\":\"BreadcrumbList\",\"@id\":\"http:\/\/cauris.sn\/espacethialy\/nous-contacter\/#breadcrumb\",\"itemListElement\":[{\"@type\":\"ListItem\",\"position\":1,\"name\":\"Accueil\",\"item\":\"http:\/\/cauris.sn\/espacethialy\/\"},{\"@type\":\"ListItem\",\"position\":2,\"name\":\"Nous contacter\"}]},{\"@type\":\"WebSite\",\"@id\":\"https:\/\/cauris.sn\/espacethialy\/#website\",\"url\":\"https:\/\/cauris.sn\/espacethialy\/\",\"name\":\"H\u00e9bergement sur Dakar - Auberge de l&#039;espace Thialy\",\"description\":\"Tarifs comp\u00e9titifs, accueil et conseils avertis\",\"publisher\":{\"@id\":\"https:\/\/cauris.sn\/espacethialy\/#organization\"},\"potentialAction\":[{\"@type\":\"SearchAction\",\"target\":{\"@type\":\"EntryPoint\",\"urlTemplate\":\"https:\/\/cauris.sn\/espacethialy\/?s={search_term_string}\"},\"query-input\":\"required name=search_term_string\"}],\"inLanguage\":\"fr-FR\"},{\"@type\":\"Organization\",\"@id\":\"https:\/\/cauris.sn\/espacethialy\/#organization\",\"name\":\"H\u00e9bergement sur Dakar - Auberge de l&#039;espace Thialy\",\"url\":\"https:\/\/cauris.sn\/espacethialy\/\",\"logo\":{\"@type\":\"ImageObject\",\"inLanguage\":\"fr-FR\",\"@id\":\"https:\/\/cauris.sn\/espacethialy\/#\/schema\/logo\/image\/\",\"url\":\"http:\/\/cauris.sn\/espacethialy\/wp-content\/uploads\/2017\/01\/cropped-cropped-verso-thialy-vectorise.png\",\"contentUrl\":\"http:\/\/cauris.sn\/espacethialy\/wp-content\/uploads\/2017\/01\/cropped-cropped-verso-thialy-vectorise.png\",\"width\":512,\"height\":512,\"caption\":\"H\u00e9bergement sur Dakar - Auberge de l&#039;espace Thialy\"},\"image\":{\"@id\":\"https:\/\/cauris.sn\/espacethialy\/#\/schema\/logo\/image\/\"}}]}<\/script>\n<!-- \/ Yoast SEO plugin. -->","yoast_head_json":{"title":"Nous contacter - H\u00e9bergement sur Dakar - Auberge de l&#039;espace Thialy","robots":{"index":"index","follow":"follow","max-snippet":"max-snippet:-1","max-image-preview":"max-image-preview:large","max-video-preview":"max-video-preview:-1"},"canonical":"http:\/\/cauris.sn\/espacethialy\/nous-contacter\/","og_locale":"fr_FR","og_type":"article","og_title":"Nous contacter - H\u00e9bergement sur Dakar - Auberge de l&#039;espace Thialy","og_description":"Nos coordonn\u00e9es Pour nous appeler +221 33 855 02 60 ou WhatsApp +221 77 801 95 17 Notre adresse Cit\u00e9 imp\u00f4ts et Domaines, quartier de la Patte d'oie - Dakar - S\u00e9n\u00e9gal Envoyez-nous un email ! Vos nom &amp; Pr\u00e9nom T\u00e9l\u00e9phone Votre adresse mail Votre adresse postale (pays inclus) Demande de r\u00e9servation \/ renseignement MessageLire la suite &rarr;","og_url":"http:\/\/cauris.sn\/espacethialy\/nous-contacter\/","og_site_name":"H\u00e9bergement sur Dakar - Auberge de l&#039;espace Thialy","article_modified_time":"2022-08-03T20:56:00+00:00","twitter_card":"summary_large_image","twitter_misc":{"Dur\u00e9e de lecture estim\u00e9e":"1 minute"},"schema":{"@context":"https:\/\/schema.org","@graph":[{"@type":"WebPage","@id":"http:\/\/cauris.sn\/espacethialy\/nous-contacter\/","url":"http:\/\/cauris.sn\/espacethialy\/nous-contacter\/","name":"Nous contacter - H\u00e9bergement sur Dakar - Auberge de l&#039;espace Thialy","isPartOf":{"@id":"https:\/\/cauris.sn\/espacethialy\/#website"},"datePublished":"2017-01-05T09:40:39+00:00","dateModified":"2022-08-03T20:56:00+00:00","breadcrumb":{"@id":"http:\/\/cauris.sn\/espacethialy\/nous-contacter\/#breadcrumb"},"inLanguage":"fr-FR","potentialAction":[{"@type":"ReadAction","target":["http:\/\/cauris.sn\/espacethialy\/nous-contacter\/"]}]},{"@type":"BreadcrumbList","@id":"http:\/\/cauris.sn\/espacethialy\/nous-contacter\/#breadcrumb","itemListElement":[{"@type":"ListItem","position":1,"name":"Accueil","item":"http:\/\/cauris.sn\/espacethialy\/"},{"@type":"ListItem","position":2,"name":"Nous contacter"}]},{"@type":"WebSite","@id":"https:\/\/cauris.sn\/espacethialy\/#website","url":"https:\/\/cauris.sn\/espacethialy\/","name":"H\u00e9bergement sur Dakar - Auberge de l&#039;espace Thialy","description":"Tarifs comp\u00e9titifs, accueil et conseils avertis","publisher":{"@id":"https:\/\/cauris.sn\/espacethialy\/#organization"},"potentialAction":[{"@type":"SearchAction","target":{"@type":"EntryPoint","urlTemplate":"https:\/\/cauris.sn\/espacethialy\/?s={search_term_string}"},"query-input":"required name=search_term_string"}],"inLanguage":"fr-FR"},{"@type":"Organization","@id":"https:\/\/cauris.sn\/espacethialy\/#organization","name":"H\u00e9bergement sur Dakar - Auberge de l&#039;espace Thialy","url":"https:\/\/cauris.sn\/espacethialy\/","logo":{"@type":"ImageObject","inLanguage":"fr-FR","@id":"https:\/\/cauris.sn\/espacethialy\/#\/schema\/logo\/image\/","url":"http:\/\/cauris.sn\/espacethialy\/wp-content\/uploads\/2017\/01\/cropped-cropped-verso-thialy-vectorise.png","contentUrl":"http:\/\/cauris.sn\/espacethialy\/wp-content\/uploads\/2017\/01\/cropped-cropped-verso-thialy-vectorise.png","width":512,"height":512,"caption":"H\u00e9bergement sur Dakar - Auberge de l&#039;espace Thialy"},"image":{"@id":"https:\/\/cauris.sn\/espacethialy\/#\/schema\/logo\/image\/"}}]}},"_links":{"self":[{"href":"http:\/\/cauris.sn\/espacethialy\/wp-json\/wp\/v2\/pages\/28"}],"collection":[{"href":"http:\/\/cauris.sn\/espacethialy\/wp-json\/wp\/v2\/pages"}],"about":[{"href":"http:\/\/cauris.sn\/espacethialy\/wp-json\/wp\/v2\/types\/page"}],"author":[{"embeddable":true,"href":"http:\/\/cauris.sn\/espacethialy\/wp-json\/wp\/v2\/users\/1"}],"replies":[{"embeddable":true,"href":"http:\/\/cauris.sn\/espacethialy\/wp-json\/wp\/v2\/comments?post=28"}],"version-history":[{"count":12,"href":"http:\/\/cauris.sn\/espacethialy\/wp-json\/wp\/v2\/pages\/28\/revisions"}],"predecessor-version":[{"id":417,"href":"http:\/\/cauris.sn\/espacethialy\/wp-json\/wp\/v2\/pages\/28\/revisions\/417"}],"wp:attachment":[{"href":"http:\/\/cauris.sn\/espacethialy\/wp-json\/wp\/v2\/media?parent=28"}],"curies":[{"name":"wp","href":"https:\/\/api.w.org\/{rel}","templated":true}]}}